 8*v - 714 = 94. Suppose -3*i + 350 - v = 0. What are the prime factors of i?
83
Let o(f) = 31*f + 1845. List the prime factors of o(-27).
2, 3, 7
Let r be 124/28 + -4 + 124/(-28). Let o be (r - -8 - 7)*2/6. What are the prime factors of (o/3)/((-12)/504)?
2, 7
Let x(n) = 23*n**2 - 53*n + 281. What are the prime factors of x(5)?
3, 197
Suppose -208171 = -24*y - 62899. List the prime factors of y.
6053
Suppose 0 = 1618*f - 1628*f + 111850. What are the prime factors of f?
5, 2237
Let x(z) = z + 6*z + 4*z - 13*z + z + 26. List the prime factors of x(-10).
2, 3
Suppose -2*x + 4*x = -5*n + 12, 4*n - 32 = 4*x. Let k be (((-80)/(-25))/(-4))/(n/(-1090)). List the prime factors of (-1 + 3)/(((-20)/k)/(-5)).
109
Let h(n) = 66*n - 79. Let l be (-67)/(-13) + (55/65 - 1). What are the prime factors of h(l)?
251
Let h(b) = 28*b**2 + 68*b + 1518. What are the prime factors of h(-24)?
2, 3, 17, 157
Let m(a) = 1433*a - 2436. What are the prime factors of m(13)?
16193
Let g = -141 - -141. Suppose -2*s + 5*s - 366 = g. List the prime factors of s.
2, 61
Let a(l) be the second derivative of -70*l**3/3 - 61*l**2 + 7*l - 1. What are the prime factors of a(-5)?
2, 17
Let v(l) = 5774*l + 290. List the prime factors of v(3).
2, 7, 17, 37
Suppose -x + t - 4*t - 5 = 0, -2*t - 64 = 5*x. Let q(j) = -j**3 - 5*j**2 + 30*j + 16. List the prime factors of q(x).
2, 5, 17
Suppose t = 5*n + 23, 6 = -5*t + 2*n + 29. Suppose t*l = 4*w + 693, 5*l + w = 8*l - 702. List the prime factors of l.
5, 47
Suppose -41*y = 12*y + 51*y - 241800. What are the prime factors of y?
3, 5, 31
List the prime factors of -130 - -135 - (1 - 29367).
23, 1277
List the prime factors of (1914 + (2 - 1))/(70/490).
5, 7, 383
Suppose 0 = -u - 2*t + 26, t + 2*t = 15. Suppose -9*x + u*x = 147. What are the prime factors of x?
3, 7
Let r(i) = 2*i + 21. Let u be r(-10). Let v be (-2)/(u*1/(-14)*-2). Let t = 16 - v. What are the prime factors of t?
2, 3, 5
Suppose -5*p - g + 4 = g, -p + 2 = g. Suppose 2*s + p*d - 413 = d, -5*s - d = -1036. List the prime factors of s.
3, 23
Let m be 3/21 + 785/(-7). Let i = m + 243. What are the prime factors of i?
131
List the prime factors of 80/1080 + 906847/27.
33587
Suppose 97*l - 682849 = 499193. List the prime factors of l.
2, 3, 677
Let k(w) = w**2 + 72*w + 73. Let l be k(-20). Let x = 2490 + l. List the prime factors of x.
1523
Let s(o) = 5*o**2 - 33*o + 23. Let z = 194 + -181. List the prime factors of s(z).
439
Let f(q) = -2*q**3 + 174*q**2 - 245*q - 329. List the prime factors of f(80).
7, 37, 269
Let i(t) be the third derivative of 11*t**5/20 - t**4/24 - t**3/6 - 16*t**2. Let s(a) = -a. Let b(v) = i(v) - 3*s(v). List the prime factors of b(1).
2, 17
Let l be ((-33)/(-22))/((-3)/2). Let f(q) = -q**2 + 1. Let r(y) = -y**2 + 1. Let t(d) = l*r(d) - 6*f(d). List the prime factors of t(-3).
2, 7
List the prime factors of (-32)/(-24)*-346*(-27)/2.
2, 3, 173
Suppose 9*i - 3562 - 857 = 0. Let c = i + -246. What are the prime factors of c?
5, 7
Suppose 4*q - 4*x - 9136 = 25456, 0 = -x. What are the prime factors of q?
2, 23, 47
Suppose 169*f - 5*n - 13444 = 168*f, 4*n = 4. What are the prime factors of f?
3, 4483
Let p(i) = -11*i**2 - 18*i + 32. Let o be p(6). Let f = -244 - o. What are the prime factors of f?
2, 3, 19
Suppose -b + 126 = 17*b. Suppose -b*l + 1468 = -1906. What are the prime factors of l?
2, 241
What are the prime factors of (-287112)/4*(2/(-4) - 0)?
3, 7, 1709
Suppose -7*p - 29*p = 19*p - 479435. What are the prime factors of p?
23, 379
Let v(p) = p**3 + 71*p**2 - 222*p - 140. What are the prime factors of v(-73)?
2, 13
Let q(v) be the third derivative of v**6/120 - v**5/2 - 29*v**4/24 + 11*v**3/3 + 5*v**2 + 1. What are the prime factors of q(31)?
2, 3, 7
Let j(z) = 18*z + 10. Let o be j(-14). Let w = o + 398. What are the prime factors of w?
2, 3, 13
Suppose -2*a = m + 2*m - 12, 0 = -2*a - 5*m + 20. Suppose a = 4*u - u - 729. Suppose 61 = -2*s + u. What are the prime factors of s?
7, 13
What are the prime factors of 6/5 + -1 - 11840211/(-4845)?
2, 13, 47
Let h be (-3008)/(-12) - 2/3. Suppose -6*q = q - 35. Suppose -5*k - q*c = -149 - 101, h = 5*k + c. List the prime factors of k.
2, 5
Suppose -4*s = 51 - 139. Let r(b) = -b**3 + 22*b**2 + 11*b + 26. What are the prime factors of r(s)?
2, 67
Let g = 3230 + 13477. What are the prime factors of g?
3, 5569
Let n = 12482 + 13116. List the prime factors of n.
2, 12799
Let n be (-143)/39*(1 + -4). Let x be (1 - -7)/(13 - n). Suppose 6*h = x*h + 248. What are the prime factors of h?
2, 31
Suppose 0 = -9*a + 8*a + 2. Suppose -g - a*c = -c + 1, -g = -c - 3. List the prime factors of ((-9)/6)/(12/16 - g).
2, 3
Suppose -25*u + 310354 = 19129. List the prime factors of u.
3, 11, 353
Suppose -3*m - 121189 = -2*k, m + 26 = 17. What are the prime factors of k?
29, 2089
Let c = 117 - -1459. Suppose 2*u = -3*u + 4*h + c, -952 = -3*u + 4*h. List the prime factors of u.
2, 3, 13
Let c = 79 - 64. Let k(r) = 52*r - 61. What are the prime factors of k(c)?
719
Suppose -16 = -h - 4*d, 4*d - 3 + 7 = 4*h. Suppose -6*i = -5*z - i + 5560, 0 = -3*z + h*i + 3337. List the prime factors of z.
11, 101
Suppose -i + 5*i = -6*i + 9320. What are the prime factors of i?
2, 233
Suppose 1447*s - 1432*s + 53362 - 206332 = 0. What are the prime factors of s?
2, 5099
List the prime factors of 7969*((-2)/(-5) + (0 - 18/(-30))).
13, 613
Let r be 81/648 - (1 - 25873/(-8)). Let p = -2183 - r. List the prime factors of p.
2, 263
Suppose 4*n + 3*g + 7 = 2*g, -5*n - 20 = 5*g. Let v = n + 4. Suppose 0 = -v*s + 3*w + 183, 4*s - w - 250 = -3*w. List the prime factors of s.
2, 31
Let r = -175 - -177. Suppose -2*z = -4*g + 964, -r*z = 13*g - 8*g - 1214. What are the prime factors of g?
2, 11
Suppose v = 6*v - 135. Suppose -2*w + 75 = -v. Let l = w + -39. List the prime factors of l.
2, 3
Suppose -p = 2*f - 3, 0*p + 5*f = 4*p - 12. Let k = 12 + p. Suppose -k*z = -13*z - 44. List the prime factors of z.
2, 11
Suppose 3*m - 6262 = -4*c - 112, 5*m - 10288 = 6*c. List the prime factors of m.
2, 13, 79
Suppose 24*a - 132008 = -23*a + 1151797. List the prime factors of a.
3, 5, 607
Let x(l) = -3*l**2 + 46*l + 41. Let i be x(16). List the prime factors of (7 - (8 - i)) + 1688.
2, 53
Let v(g) = g**2 - 22. Let i be v(5). Suppose 5*l + i = 6*l. Suppose 3*j = -l*o + 315, j + 4*o = 5*j - 444. What are the prime factors of j?
2, 3
Suppose 143225 = 3*n + 5*d, 28*d = 5*n + 32*d - 238678. What are the prime factors of n?
2, 3, 5, 37, 43
Suppose 0*g - 14351 = -3*o - 4*g, 0 = -5*o - g + 23924. List the prime factors of o.
3, 5, 11, 29
Let j be 352/58 - (-70)/(-1015). Suppose 1050 = p + 3*h, -3*p + 3*h = -j*p + 3126. What are the prime factors of p?
2, 3, 173
Suppose 3*t = -3*q - 6, -10 - 10 = -4*q + 3*t. Suppose -q*s = -2*f - 240, 0*f = s - 2*f - 117. What are the prime factors of s?
3, 41
Let o(v) = 405 - 768 + 385 - 2*v. What are the prime factors of o(-11)?
2, 11
Let g(r) = -147*r**3 + r**2 + 11*r. Let c(i) = 0*i**3 + 7*i**3 + 67*i**3 + i**2 - 6*i - 2*i**2. Let v(u) = -7*c(u) - 4*g(u). List the prime factors of v(1).
71
Let y(s) = 7*s**3 + 12*s**2 - 10*s - 1. Let k be y(1). Suppose -k*l + 6552 = -2888. What are the prime factors of l?
2, 5, 59
Let m(l) = -l**3 - 15*l**2 - 14*l + 2. Let z be m(-14). Suppose p - 2*k - 10 = z, 0 = 3*k + 12. Suppose p*w + 405 = 7*w. What are the prime factors of w?
3, 5
Let b(r) = 23*r**2 - r + 2. Let f be b(0). Suppose 5105 = 16*y - 12*y + 3*i, -5110 = -4*y - f*i. What are the prime factors of y?
2, 5
Let a(q) = -q**2 - 34*q + 115. Let v be a(-30). Let y = v + -131. List the prime factors of y.
2, 13
Let k(y) = -y**3 - 2*y**2 - 4*y - 28. Let r be k(0). Let c = -43 + r. Let n = c + 196. What are the prime factors of n?
5
Let k = -280 + 14612. List the prime factors of k.
2, 3583
Suppose -4*h = l - 1276, 2*h - 2*l = 289 + 339. Let x = h + -172. Let n = x + -87. List the prime factors of n.
59
Let x(z) = -z**3 + 2*z**2 - z + 6. Let q(r) = r**3 + 14*r**2 - 15*r + 20. Let k be q(-15). Suppose -k = 5*s - 5. What are the prime factors of x(s)?
2, 3
List the prime factors of 10*(-5)/(-60) - 18535083/(-306).
3, 61, 331
Let r(h) = -h + 2. Suppose 29 + 20 = -7*b. Let t be r(b). Suppose -t = -v + 16. What are the prime factors of v?
5
Suppose -2*h - 3 = -4